 by s(i).
32
Let g(k) = -k**3 - 5*k**2 + 4*k + 50. Calculate the remainder when 119 is divided by g(-6).
57
Suppose -97 - 238 = -5*g. Let l(b) = b**2 - 8*b + 51. What is the remainder when g is divided by l(4)?
32
Suppose 46 = 5*z - 24. Suppose 3*s - 2*p = 12, 2*p + 4 = s - 0. Calculate the remainder when z is divided by s.
2
Suppose -226*t = -215*t - 7205. Calculate the remainder when t is divided by 16.
15
Suppose 0 = -3*k + 2*c + 18, -3*k = 3*c - 15 - 3. What is the remainder when 695 is divided by k?
5
Let w = 34 + -38. Suppose 3*o + 4*d = 125, -2*d - 2*d = -4*o + 120. Calculate the remainder when o is divided by (39/w)/(9/(-12)).
9
Calculate the remainder when 45 is divided by (144/(-60))/(-2 - 308/(-160)).
13
Calculate the remainder when (0 - 1)/(2/(-74)) is divided by 89/13 + (-14)/637*-7.
2
Let i(f) = -f + 13. Let c be i(17). Calculate the remainder when 69 is divided by (-68)/c + 4 - 2.
12
Calculate the remainder when 109 is divided by ((-15)/(-10))/((-327)/336 - -1).
53
Suppose 76 = -m + 3*m. Calculate the remainder when m is divided by -6*(-3)/((-9)/(-4)).
6
Suppose 0 = 839*i - 833*i - 288. Calculate the remainder when 190 is divided by i.
46
Suppose -3*g = -5*g + 8. Suppose -4*s - g*b + 52 = -5*b, -26 = -2*s - 3*b. Calculate the remainder when s is divided by 3.
1
Suppose 5*o - z - 97 = 0, -3*z - 11 = 5*o - 6*o. Calculate the remainder when o is divided by 5/20 + 186/24.
4
Let w be (-224)/48*(-6)/7. What is the remainder when (w/(-6) - -1) + (-440)/(-12) is divided by 13?
11
Let d(v) = v**3 - 11*v**2 + 3*v - 6. Let h = 8 + -1. What is the remainder when d(11) is divided by h?
6
Suppose -14 = -19*c + 17*c. Let v(y) = 8*y - 47. Calculate the remainder when 15 is divided by v(c).
6
Let h = -18 + 35. Suppose 2*w - j + 1 = 0, 5*j = 3*w + 4*j + 4. Let l(q) = -16*q. What is the remainder when l(w) is divided by h?
14
Let d = -465 - -502. What is the remainder when 92 is divided by d?
18
Suppose z - 44 = -z. Suppose -b = 5*u - 195 - 124, 3*b = -4*u + 264. Calculate the remainder when u is divided by z.
19
Let d = 107 - 19. Suppose 0 = 4*y - z - d - 99, -4*y = 3*z - 191. Calculate the remainder when y is divided by 5.
2
Let d(n) = -n + 26. Let i = 188 - 133. Calculate the remainder when i is divided by d(12).
13
Let h(m) = m**3 + 10*m**2 + 9*m + 4. Suppose -y = -8 - 58. Calculate the remainder when 150/14 + (5 - y/14) is divided by h(-9).
3
Let s = 11 + 1. Let t(b) = -b**3 - 47*b**2 - 47*b - 12. Calculate the remainder when t(-46) is divided by s.
10
Let c(f) = -29*f**3 - f - 1. Suppose 5*m - 5*s + 0 - 75 = 0, -3*s + 27 = 3*m. What is the remainder when c(-1) is divided by m?
5
Suppose -3*v = -4*b - 285, -6*b + 2*v + 85 = -7*b. Let a = 99 + b. Calculate the remainder when 45 is divided by a.
21
Let v be 2/7 - (-583)/(-7). Let i = -32 - v. Suppose -2*r - 28 = -3*a + i, 3*a - 5*r = 85. Calculate the remainder when 47 is divided by a.
22
Suppose -13 - 11 = 4*t. Suppose 2 = -3*r + 11. Let f = r - t. Calculate the remainder when 16 is divided by f.
7
Suppose 0 = -2*n - t + 1 - 2, -3*n = -2*t - 16. Suppose 3*p - 2*z - 110 = 0, -2*p + n*z + 80 = -z. What is the remainder when p is divided by (-1)/(53/9 + -6)?
7
Suppose 0*q + 2*q - 58 = -4*m, 20 = 4*m. Let j be 10/(-35) + (-5)/7. Let y = j + q. Calculate the remainder when y is divided by 11.
7
Suppose -5*o = -3*o - 4. Let w(g) = -6*g**3 + 2*g**2 - 1. Let c be w(o). Calculate the remainder when (-4)/6 - c/3 is divided by 5.
3
Suppose 10*d - 50 = -0*d. Suppose d*q = 7 + 8. Suppose -8*f + 10*f - 6 = 0. What is the remainder when f is divided by q?
0
Let v = 226 + -203. What is the remainder when v is divided by 20?
3
Let k(y) = y**2 - 2*y - 221. Calculate the remainder when (-342)/(-21) + (-4)/14 is divided by k(16).
1
Let u(y) = -72*y**2 - y - 1. Let d be u(-1). Let m = 125 + d. Suppose -3*l + 66 = 3*b, 0*b - 3*l - 24 = -2*b. Calculate the remainder when m is divided by b.
17
Suppose 5*a - k + 601 = 0, -2*k + 577 - 101 = -4*a. Let f = a + 159. Calculate the remainder when f is divided by 6.
2
Suppose 3*a - 5*q = 21, 3*a + 14 = 4*a - 4*q. Suppose -a + 18 = 2*r. What is the remainder when 24 is divided by r?
0
Let p = 404 + -372. What is the remainder when 51 is divided by p?
19
Let v = 135 + -35. Calculate the remainder when v is divided by 22.
12
Let r(f) = -f**2 + 49*f + 120. What is the remainder when 64 is divided by r(51)?
10
Calculate the remainder when 88/(-22) + 384 + 0 + -2 is divided by 10.
8
Suppose 0 = -t + 57 - 11. Let j(u) = 5*u + 1. Calculate the remainder when t is divided by j(3).
14
Suppose 4*r = 136 - 12. What is the remainder when r is divided by 19?
12
Let h = 242 + -114. Let x be (-18)/6*2*(-1)/(-3). Calculate the remainder when h is divided by (32 - (-4 - -8)) + x + 0.
24
Let c = -87 - -89. Calculate the remainder when (12/45)/c - (-4218)/90 is divided by 24.
23
Let q be (0 + 4)/(7/28). Let d = q + -13. What is the remainder when d is divided by (-2 + 2 + 1)*1?
0
Let m = 26 - 23. Suppose 2*b = 4*s + 4*b - 22, s = -m*b + 18. Calculate the remainder when 12 is divided by s.
0
Let r(b) = b**3 - b**2 + 10*b - 6. Let j be r(4). Let p = j + -63. What is the remainder when 113 is divided by p?
18
Suppose 13*r + 24*r = 407. Calculate the remainder when 131 is divided by r.
10
Suppose 0 = 5*c - 5, -2*c = 2*r - 5*r + 91. Suppose -45 = -4*z + r. Suppose 16*i = z*i - 69. What is the remainder when i is divided by 6?
5
Let y(r) = 3*r**2 + 2*r + 3. Let n = 130 - -34. Suppose -m - n = -5*m - 5*f, -82 = -2*m - 3*f. Calculate the remainder when m is divided by y(-2).
8
Suppose -w - 40 = w. Let o = w - -39. What is the remainder when 48 is divided by o?
10
Let h(q) = 3*q. Suppose 109 = 5*w + 39. Calculate the remainder when w is divided by h(2).
2
Suppose -4*l = -6 - 6. Suppose 2*g - l*g = -17. What is the remainder when 78 is divided by g?
10
Suppose v - 6*v + 10 = 0, -5*c - 5*v - 370 = 0. Let p = c + 86. Calculate the remainder when 99 is divided by p.
9
Let w = -3 - -7. Suppose 0 = w*p - 4 - 4. Suppose -1 = -p*v + 13. Calculate the remainder when 13 is divided by v.
6
Let w(n) = 4*n + 24. Let p be w(-8). Calculate the remainder when -4 - 5*(p + -1) is divided by 22.
19
Let c(g) = -5*g + 1211. Let a be c(0). Suppose 0 = 8*x - x - a. Calculate the remainder when x is divided by 35.
33
Let i be (-2 - 10/(-4))*0. Let z = -13 + 59. Suppose t - z - 4 = i. What is the remainder when t is divided by 13?
11
Let m = 668 - 592. What is the remainder when m is divided by 29?
18
Let r(l) = -l**3 - 14*l**2 - 16*l - 12. What is the remainder when r(-13) is divided by 11?
5
Let a be 3 + 0 + (3 - -2). Let d = a - 6. Calculate the remainder when 4 is divided by d.
0
Let b(c) = c**2 + 11*c + 7. Calculate the remainder when 80 is divided by b(-13).
14
Calculate the remainder when 213 + (-3 + 2)*(-9 + 4) is divided by 55.
53
Suppose c = -u + 43, -2*c + 144 = c - 2*u. What is the remainder when c is divided by 3?
1
Let y = -369 + 381. Suppose -4*k = -k - 9. Suppose 0 = 2*q - k*q + 23. What is the remainder when q is divided by y?
11
Let x = 17 - 15. Suppose -6 = -3*a, 3*t + 2*t - 166 = x*a. Calculate the remainder when t is divided by 18.
16
Let y(a) = -3*a**2 + 5*a + 6. Let p be y(5). Calculate the remainder when p/(-36)*3*12 is divided by 23.
21
What is the remainder when (-5*24/20 + 7)*258 is divided by 36?
6
Let w = 397 + -241. Calculate the remainder when w is divided by 53.
50
Suppose 0 = 4*o - 81 - 15. What is the remainder when 31 is divided by o?
7
Suppose -u + 57 = -36. Let x be u*3/9*3. Suppose 3 = 4*o - x. What is the remainder when 46 is divided by o?
22
Let y = 133 - 40. Suppose -2*m - 23 = -87. What is the remainder when y is divided by m?
29
Let o = -27 + 32. Suppose o*t = 5, -5*y = -3*t - 16 + 4. Calculate the remainder when y is divided by 2.
1
Let c(k) = 2*k + 2. Let u be c(-5). Let l be (u - -6)*(-270)/4. Suppose -6*t + 7*t = l. Calculate the remainder when t is divided by 34.
33
Let w(i) be the third derivative of i**5/60 + 3*i**4/8 - 5*i**3/3 - i**2. What is the remainder when 43 is divided by w(-11)?
7
Suppose 2*q = -k + 5, 4*k - 45 + 69 = 3*q. Suppose -34 = -4*v + 14. What is the remainder when v is divided by q?
0
Let s(g) = -3*g - 8. Let x be s(-4). Suppose 0 = 2*p + d - 4*d + 57, -d